r - 329 = -3*m - 98. What is the tens digit of m?
8
Let h be (-10)/15 - (-34)/6. Let d(b) = 8 + 2*b - 4*b + 43. What is the tens digit of d(h)?
4
Suppose 4*m - 2*i = -12, m + 0*m + i = -6. What is the tens digit of ((-12)/3 - m) + 636/2?
1
Suppose 31 = 5*q + 501. Suppose 576 = -3*m - m - 2*y, m = -3*y - 134. Let k = q - m. What is the units digit of k?
2
Suppose 0*s - 89 = -p - 4*s, 3*p - 5*s = 233. Let m = 134 - p. What is the units digit of m?
3
Let q(x) = -x**2 - 11*x - 14. Let o be q(-8). Suppose -2*t + 0 = -o. Suppose -2*k = t*k - 399. What is the units digit of k?
7
Let u be 11/(-9) + 1 + (-11)/(-9). What is the tens digit of (3 - 6) + u + 55?
5
What is the hundreds digit of (-1835)/367 + (3 - 2)/((-1)/(-14532))?
5
Suppose 9*d - 1694 = 4615. Suppose 3*x = 2*p + d, -3*x + 93 = -p - 610. What is the tens digit of x?
3
Let n(t) = 584*t - 86. Let s be n(24). Suppose 3*w - s = -11*w. What is the tens digit of w?
9
Suppose 5*x + 30 = -x. Let a(o) = -3*o**3 - 6*o**2 + 13*o - 8. What is the units digit of a(x)?
2
Let i(u) = 3*u + 5*u**3 - 571 + 565 - 3*u**3 - u**2. Let n(w) = w**3 - w**2 + 2*w - 3. Let p(v) = -3*i(v) + 5*n(v). What is the units digit of p(-5)?
3
Let q = 7016 + 5722. What is the tens digit of q?
3
Let a(h) = 29*h**3 - 6*h**2 + 14*h - 20. Let b be a(4). Suppose 15*r - 11*r = b. What is the units digit of r?
9
Let g be (9120/(-9))/((-33)/27 + 1). Suppose c = -5*c + g. Suppose -c = 2*r - 7*r. What is the units digit of r?
2
Let o be (-17*80)/((-6)/12). Suppose 6*f - o = 1294. What is the units digit of f?
9
Let k(i) = 227*i**2 + 2*i - 2. Let n be k(1). Let v = 535 - n. What is the tens digit of v?
0
Let h = -31684 - -36306. What is the units digit of h?
2
What is the units digit of (-24418)/(-58)*(1 - -18)?
9
What is the tens digit of (4/14)/(438/22371069)?
9
Let b = -940 + 944. Suppose 5*j + 3585 = 8*j - b*h, -5*h = 15. What is the units digit of j?
1
Suppose 0 = -2*q - 2*i + 14582, 48*q + 3*i = 53*q - 36487. What is the hundreds digit of q?
2
Let n be (-2)/4 + -3*(-2)/(-12). Let r(h) = 6*h**2 + h + 2. Let g be r(n). Let b(s) = 7*s + 14. What is the tens digit of b(g)?
6
Let j(w) = -w**2 - 11*w - 2. Suppose o - 15 - 8 = 4*a, 3*o + a - 17 = 0. Suppose 0 = -5*q + 4*q - o. What is the units digit of j(q)?
6
Let j = -282 - -395. Suppose -147 - j = 5*a. Let o = a + 88. What is the tens digit of o?
3
Let v(r) = 10*r**2 - 6*r + 11. Let d be v(-4). What is the hundreds digit of (-2)/13 - (-116640)/d?
5
Let x(h) = h**3 + 6*h**2 - 6*h - 38. Let b be x(-6). What is the units digit of 71/142*((-1722)/b - -1)?
1
Let y be 3/1 - (16 - 3 - -2). Let c be 35/4 - (-9)/y. Suppose 417 = c*v - 423. What is the tens digit of v?
0
Let i be -3*2*(-273)/(-6). Let v(l) = 4*l**2 + 21*l - 1. Let c be v(-5). What is the units digit of i/c*(3 - -1)?
2
Let x(z) be the first derivative of z**2/2 - 2*z - 46. Let l be x(7). Suppose 2*t + 690 = l*t. What is the units digit of t?
0
Let c(i) = 119*i - 1. Let b(q) = 119*q - 1. Let z(n) = -4*b(n) + 5*c(n). What is the tens digit of z(1)?
1
Let m = -35759 + 54444. What is the ten thousands digit of m?
1
Suppose -3*x = 3*c - 24267, -68*x + 16 = -64*x. What is the thousands digit of c?
8
Suppose -3437 = 28*p - 11641. Suppose p*k = 303*k - 2000. What is the units digit of k?
0
Suppose 2321*a + 385 = 2328*a. Suppose 5*k = -2*z + 915, -2*k + 2201 + a = 5*z. What is the hundreds digit of z?
4
Suppose 87*h = 80*h + 14. Suppose 10 = h*c + 3*c, 4*c - 1258 = -m. What is the hundreds digit of m?
2
Let l(v) = -7 - 14 - 21*v - 23 + 73*v. What is the units digit of l(6)?
8
Let x(u) = 3*u + 25. Let j be x(-7). Suppose 3*b - 192 - 1318 = -5*n, -4*b + 2024 = j*n. Suppose -10*f - b = -13*f. What is the tens digit of f?
7
Let v(y) = -6*y**2 + 490*y - 37. What is the tens digit of v(78)?
7
Let w(s) = 3*s**2 + 6*s - 10. Let r be w(4). Let j = r - -95. What is the hundreds digit of j?
1
Let f = -5493 + 14454. What is the thousands digit of f?
8
Suppose 2*b = 2*o - 5*o + 19, o + 3 = -3*b. Let f = o + 162. Suppose -4*c + 269 = 3*i, -i = -3*i - c + f. What is the tens digit of i?
8
Let m(b) be the third derivative of -b**6/120 - b**5/6 - 19*b**4/24 + 16*b**3/3 + 199*b**2. What is the units digit of m(-10)?
2
Let j be (-6)/(-27) + 281/(-9). Let b = 16 + j. What is the units digit of (-2 + (-6)/b)/(8/(-380))?
6
Let v = 9099 - 1099. What is the units digit of (-2*3/(-12))/(8/v)?
0
Let a(n) be the third derivative of 7*n**6/360 + n**5/10 + n**4/12 + n**3 - 9*n**2. Let c(d) be the first derivative of a(d). What is the tens digit of c(-5)?
1
Suppose 2711*s - 154544 = 2759*s - 617504. What is the units digit of s?
5
Let l(a) = -7*a + 167. Let y be l(24). What is the tens digit of (150/125)/((-149)/150 - y)?
8
Let l(g) = 176*g**2 + g + 2. Let q be l(-1). Let f = 273 - q. What is the units digit of f?
6
Let l(p) = p**3 - 24*p**2 - 81*p - 87. Let q be l(35). Suppose -28*t = -16019 - q. What is the tens digit of t?
4
Suppose 50*u + 16*u - 1643720 = -79*u. What is the ten thousands digit of u?
1
Suppose -126 + 6 = 6*v. Let u be (510/v)/((-3)/(-18)). Let f = -68 - u. What is the units digit of f?
5
Suppose 5*y - 17 = 4*y. Suppose 5*r - y = -0*a - 4*a, 7 = 4*a - 5*r. Suppose -5*j + 133 = 3*q, a*q - 4*j + 6*j - 118 = 0. What is the tens digit of q?
3
Suppose x - 3*d + 266 = -0*d, -d = x + 282. Let c = -483 - x. Let r = c - -372. What is the units digit of r?
7
Suppose 8 = 19*k - 17*k. Suppose -3*y + k*w + 17 = -4*y, 17 = 4*y - w. Suppose -y*d = 4*h - 464, d + 355 = 3*h + 5*d. What is the hundreds digit of h?
1
What is the thousands digit of (56/(-32)*-1 + 9)*1128?
2
Let x(m) = 6*m**2 + 18*m + 5. Let a = 180 + -104. Suppose -69 = -c - a. What is the hundreds digit of x(c)?
1
Suppose 2*h + 36816 + 66954 = 4*m, -h - 25942 = -m. What is the hundreds digit of m?
9
What is the ten thousands digit of (-288)/(-264)*(876722/4)/7?
3
Let l(k) = 43*k**3 + 8*k**2 - 45*k + 433. What is the ten thousands digit of l(7)?
1
Suppose -1356 + 6025 = -7*x. Let s = x - -952. What is the tens digit of s?
8
What is the ten thousands digit of (-5 + -1 - -1) + -183*367/(-3)?
2
Let g(j) = 12*j - 6. Let i be g(2). Suppose 2*p - i = -4*p. Suppose v = l - 109, -p*v + 434 = 4*l - 6*v. What is the hundreds digit of l?
1
Suppose n = 3*o - 20, -3*o = -0*o + 5*n - 8. Suppose 0 = -o*a + 7*a - 5*f - 54, -3*f = a - 86. Suppose a - 230 = -2*c. What is the tens digit of c?
7
Suppose -4*z - g + 28283 = 0, -3*g + 14227 + 21125 = 5*z. What is the hundreds digit of z?
0
Let y(z) = -4*z**3 - 27*z**2 - 8*z - 1. Let m be y(-6). Let i = -85 + 177. Let t = m + i. What is the units digit of t?
1
Let u = -856 - -4544. Let p = u + -2240. What is the thousands digit of p?
1
Let b(j) = -320*j**3 + 3*j**2 + 6*j - 7. Let g be b(1). What is the hundreds digit of (-213643)/g + (-1)/(-6)?
6
Suppose 2*t = -3*j + 4393, -7*j - t + 2927 = -5*j. What is the tens digit of j?
6
What is the hundreds digit of (-1 + (-3728)/(-12))*((-72)/8 + 42)?
2
Let n(a) = -195*a + 7230. What is the units digit of n(-67)?
5
Suppose -924*b = -981*b + 336699. What is the thousands digit of b?
5
Suppose 0 = 2*t + 6, 5*t = 4*j - 5 + 2. Let b be (-2 - j) + (-54)/9. What is the tens digit of -4*(b + 0)*6/6?
2
Suppose 6 = 2*o, 3*o - 2889 = -78*b + 77*b. What is the hundreds digit of b?
8
Suppose -2*f = 3*g - 100, -3*f + 2*f - g + 49 = 0. Suppose 3*i - 1487 = -f. What is the tens digit of i?
8
Suppose -7*x + 65813 = -17627. What is the ten thousands digit of x?
1
Let r(t) = -967*t - 1395. What is the thousands digit of r(-6)?
4
Let g(c) = -c**2 + 12*c - 30. Let j be g(9). Let s(z) = -14*z**3 + 3*z**2 - 3*z + 4. What is the hundreds digit of s(j)?
4
Suppose -43*h + 47*h = 6980. Let b be ((-12)/10)/(-5 + h/350). Let z = b - -95. What is the tens digit of z?
7
Let y(f) = 32*f**2 - 12*f + 13. Let t be y(4). What is the tens digit of (-106)/t + (-3)/(27/(-1730))?
9
What is the tens digit of 0*-4*6/72 + 2877?
7
Suppose 14*x = 12*x - 5*y + 8385, 0 = -3*x - 2*y + 12583. Let a = -2407 + x. What is the tens digit of a?
8
Let x be 5 - (7 + (-5 - -4)). What is the units digit of ((-825)/(-125))/(x + (-52)/(-50))?
5
Suppose -4*o + 5*t = -43071 - 6515, t = 3*o - 37195. What is the tens digit of o?
9
Let i = 65 - 58. Suppose -i*p - p = -576. What is the units d